48549
What are the prime factors of 559857?
3, 186619
What are the prime factors of 992230?
2, 5, 99223
List the prime factors of 726526.
2, 47, 59, 131
What are the prime factors of 120339?
3, 4457
What are the prime factors of 37347?
3, 59, 211
What are the prime factors of 713684?
2, 67, 2663
List the prime factors of 1757307.
3, 17, 34457
List the prime factors of 33955775.
5, 7, 53, 523
List the prime factors of 426098.
2, 23, 59, 157
What are the prime factors of 4866783?
3, 31, 43, 1217
List the prime factors of 11930903.
47, 97, 2617
What are the prime factors of 5047237?
13, 199, 1951
List the prime factors of 119946.
2, 3, 19991
List the prime factors of 280643.
11, 31, 823
What are the prime factors of 394441?
131, 3011
What are the prime factors of 9512943?
3, 11, 41, 79, 89
What are the prime factors of 1331919?
3, 19, 7789
List the prime factors of 1788595.
5, 23, 103, 151
List the prime factors of 2942533.
11, 43, 6221
What are the prime factors of 2129234?
2, 157, 6781
What are the prime factors of 4388688?
2, 3, 10159
What are the prime factors of 3646253?
13, 41, 6841
What are the prime factors of 374839?
374839
What are the prime factors of 506733?
3, 53, 3187
What are the prime factors of 302168?
2, 107, 353
List the prime factors of 318888.
2, 3, 43, 103
What are the prime factors of 520064?
2, 17, 239
List the prime factors of 227595.
3, 5, 15173
What are the prime factors of 1055779?
43, 571
List the prime factors of 342544.
2, 79, 271
What are the prime factors of 364445?
5, 72889
List the prime factors of 4573447.
953, 4799
List the prime factors of 110903.
13, 19, 449
What are the prime factors of 16304909?
421, 38729
What are the prime factors of 690049?
71, 9719
List the prime factors of 567987.
3, 7, 17, 37, 43
List the prime factors of 2906756.
2, 726689
What are the prime factors of 12990822?
2, 3, 13, 17, 97, 101
What are the prime factors of 123898?
2, 61949
What are the prime factors of 2585?
5, 11, 47
What are the prime factors of 1240137?
3, 23, 1997
List the prime factors of 3954103.
419, 9437
List the prime factors of 3584434.
2, 7, 256031
List the prime factors of 5652369.
3, 209347
What are the prime factors of 11062318?
2, 5531159
What are the prime factors of 587760?
2, 3, 5, 31, 79
What are the prime factors of 293861?
293861
List the prime factors of 259071.
3, 86357
What are the prime factors of 203186?
2, 19, 5347
List the prime factors of 18104905.
5, 7, 13, 39791
List the prime factors of 1428990.
2, 3, 5, 19, 23, 109
What are the prime factors of 14330044?
2, 293, 12227
List the prime factors of 2810141.
107, 26263
List the prime factors of 25050692.
2, 59, 179, 593
What are the prime factors of 1423016?
2, 7, 25411
List the prime factors of 1816491.
3, 605497
What are the prime factors of 41293?
7, 17, 347
List the prime factors of 1998893.
13, 179, 859
What are the prime factors of 7257248?
2, 226789
What are the prime factors of 306894?
2, 3, 7, 7307
List the prime factors of 156157.
156157
List the prime factors of 13403697.
3, 241, 18539
List the prime factors of 157212.
2, 3, 11, 397
List the prime factors of 431342.
2, 23, 9377
What are the prime factors of 2460063?
3, 19, 43159
List the prime factors of 28300391.
7, 577559
List the prime factors of 15761963.
7, 19, 37, 3203
List the prime factors of 1221559.
1221559
What are the prime factors of 4959168?
2, 3, 23, 1123
List the prime factors of 567707.
7, 81101
List the prime factors of 581239.
581239
List the prime factors of 1555154.
2, 29, 26813
What are the prime factors of 285172?
2, 71293
What are the prime factors of 213899?
7, 30557
List the prime factors of 275687.
37, 7451
List the prime factors of 41143.
41143
What are the prime factors of 3988789?
7, 79, 7213
What are the prime factors of 787679?
31, 25409
List the prime factors of 121456.
2, 7591
What are the prime factors of 2464099?
11, 17, 13177
List the prime factors of 12307042.
2, 11, 587, 953
What are the prime factors of 1552369?
7, 13, 2437
List the prime factors of 29287484.
2, 397, 18443
What are the prime factors of 190125?
3, 5, 13
What are the prime factors of 1040166?
2, 3, 57787
List the prime factors of 8414528.
2, 131477
What are the prime factors of 1811269?
461, 3929
List the prime factors of 21757.
21757
What are the prime factors of 1324815?
3, 5, 88321
List the prime factors of 546090.
2, 3, 5, 109, 167
List the prime factors of 127999.
31, 4129
List the prime factors of 258654.
2, 3, 11, 3919
What are the prime factors of 5998111?
7, 179, 4787
List the prime factors of 1102989.
3, 367663
List the prime factors of 373356.
2, 3, 3457
List the prime factors of 286900.
2, 5, 19, 151
What are the prime factors of 7548533?
7548533
List the prime factors of 4562607.
3, 7, 167, 1301
List the prime factors of 30737992.
2, 67, 57347
What are the prime factors of 5595136?
2, 683
What are the prime factors of 7243842?
2, 3, 1207307
What are the prime factors of 5139676?
2, 31, 181, 229
List the prime factors of 1493335.
5, 298667
What are the prime factors of 8202542?
2, 41, 67, 1493
List the prime factors of 4658526.
2, 3, 86269
List the prime factors of 925541.
313, 2957
List the prime factors of 23674.
2, 7, 19, 89
What are the prime factors of 386777?
386777
What are the prime factors of 405922?
2, 11, 18451
What are the prime factors of 3845876?
2, 17, 23, 2459
List the prime factors of 133985.
5, 127, 211
What are the prime factors of 6603642?
2, 3, 366869
List the prime factors of 382564.
2, 7, 13, 1051
List the prime factors of 276367.
7, 13, 3037
List the prime factors of 4088244.
2, 3, 340687
List the prime factors of 14170480.
2, 5, 177131
What are the prime factors of 1379096?
2, 19, 43, 211
What are the prime factors of 382490?
2, 5, 23, 1663
What are the prime factors of 4192011?
3, 439, 1061
List the prime factors of 5198368.
2, 7, 23, 1009
List the prime factors of 190108.
2, 47527
What are the prime factors of 3312541?
127, 26083
List the prime factors of 4232677.
17, 248981
List the prime factors of 185068.
2, 13, 3559
List the prime factors of 1290361.
239, 5399
List the prime factors of 24554683.
179, 137177
List the prime factors of 161470.
2, 5, 67, 241
What are the prime factors of 144189?
3, 37, 433
List the prime factors of 5264029.
5264029
List the prime factors of 5669179.
2113, 2683
List the prime factors of 45770.
2, 5, 23, 199
List the prime factors of 3132968.
2, 23, 17027
List the prime factors of 1978283.
947, 2089
What are the prime factors of 3120416?
2, 13, 577
List the prime factors of 1173847.
569, 2063
What are the prime factors of 89443?
89443
List the prime factors of 10723073.
17, 59, 10691
List the prime factors of 540807.
3, 71, 2539
List the prime factors of 2266414.
2, 277, 4091
What are the prime factors of 211783?
11, 13, 1481
What are the prime factors of 27061?
27061
What are the prime factors of 603451?
23, 26237
What are the prime factors of 135909?
3, 15101
List the prime factors of 21290676.
2, 3, 11, 31, 43
What are the prime factors of 1342136?
2, 127, 1321
List the prime factors of 196364.
2, 7, 7013
List the prime factors of 4245403.
751, 5653
What are the prime factors of 8543373?
3, 23, 123817
What are the prime factors of 140781?
3, 167, 281
List the prime factors of 4786146.
2, 3, 17, 15641
What are the prime factors of 79743?
3, 19, 1399
What are the prime factors of 20748734?
2, 31, 379, 883
List the prime factors of 64722.
2, 3, 7, 23, 67
List the prime factors of 190904.
2, 7, 487
List the prime factors of 487993.
11, 37, 109
List the prime factors of 2409724.
2, 602431
List the prime factors of 246783.
3, 82261
What are the prime factors of 7061419?
7061419
List the prime factors of 541191.
3, 7, 25771
List the prime factors of 208944.
2, 3, 1451
List the prime factors of 77678.
2, 38839
List the prime factors of 1120429.
1120429
List the prime factors of 283120.
2, 5, 3539
What are the prime factors of 2144364?
2, 3, 178697
What are the prime factors of 162968?
2, 13, 1567
List the prime factors of 93205.
5, 7, 2663
What are the prime factors of 1176050?
2, 5, 43, 547
List the prime factors of 3921890.
2, 5, 7, 179, 313
What are the prime factors of 902903?
902903
List the prime factors of 2